s(z) = -z**3 - 94*z**2 + 2*z + 196. Determine s(-94).
8
Let p(y) = 43*y + 1251. What is p(-32)?
-125
Let z(r) = -r**2 + 164*r + 4950. Determine z(-26).
10
Let l(p) = -3438*p**2 - 17193*p - 10. Determine l(-5).
5
Let l(h) = -h**3 + 6*h**2 - 7*h - 9. Determine l(3).
-3
Let s(d) = -d**2 - 23*d + 3770. Give s(-74).
-4
Let b(h) = 289*h + 1023. Give b(-3).
156
Let n(b) = 28*b - 1143. What is n(43)?
61
Let f(m) = 61*m + 4827. Calculate f(-76).
191
Let l(n) = n**3 + 14*n**2 + 73*n + 434. Give l(-11).
-6
Let f(a) = -2*a**3 - 11*a**2 - 31*a - 229. What is f(-6)?
-7
Let g(i) = -i**3 + 12*i**2 + 5*i + 98. What is g(13)?
-6
Let z(n) = -2*n**3 - 52*n**2 + 47*n - 196. Give z(-27).
-7
Let v(a) = a**3 + 2*a**2 - 13*a - 6. Calculate v(-4).
14
Let n(b) = -694*b + 4971. Calculate n(7).
113
Let w(b) = -127*b + 1150. Calculate w(9).
7
Let k(c) = -4*c**2 + 81*c - 34. What is k(18)?
128
Let q(x) = x**3 + 8*x**2 + 421*x + 2006. Give q(-5).
-24
Let u(g) = -g**3 - 22*g**2 + 84*g - 77. Give u(-26).
443
Let r(y) = 18*y - 97. What is r(5)?
-7
Let l(v) = 2*v**3 - 16*v**2 - 20*v + 3. What is l(9)?
-15
Let j(t) = t**3 - 4*t**2 - 5*t + 7. Give j(1).
-1
Let x(z) = 5*z**2 - 376*z - 378. What is x(-1)?
3
Let k(s) = 175*s + 114. Determine k(7).
1339
Let h(y) = 11*y**3 - 14. Give h(3).
283
Let a(w) = 656*w**2 - 3278*w - 9. Give a(5).
1
Let z(j) = -j**3 - 14*j**2 - 5*j - 3. What is z(-6)?
-261
Let l(g) = 2*g**3 + 412*g**2 - 2*g - 446. Calculate l(-206).
-34
Let j(c) = -72*c - 3148. Give j(-43).
-52
Let x(q) = -q**3 + 59*q**2 + 4*q - 240. Give x(59).
-4
Let s(a) = 3*a**3 + 13*a**2 + 48*a - 23. Determine s(-4).
-199
Let d(v) = 2*v**3 - 5*v**2 - 2*v + 2. Give d(4).
42
Let g(y) = y**3 + 32*y**2 + 63*y + 110. What is g(-30)?
20
Let m(f) = f**3 + 2*f**2 + 8*f + 13. Determine m(-2).
-3
Let s(c) = -c**3 - 33*c**2 + 34*c - 69. Determine s(-34).
-69
Let a(m) = m**2 + 3710*m + 48048. Give a(-13).
-13
Let q(j) = 7*j**2 + 170*j + 14. What is q(-24)?
-34
Let k(l) = -2*l**2 - 104*l - 1108. Give k(-36).
44
Let o(u) = -u**2 + 61*u - 528. What is o(50)?
22
Let f(h) = -159*h - 922. What is f(-6)?
32
Let b(r) = -44*r - 54. Calculate b(8).
-406
Let i(n) = 2*n**3 - 5*n**2 + 2*n - 9. Give i(3).
6
Let q(f) = -49*f + 289. What is q(-5)?
534
Let f(n) = -57*n**2 + 3*n + 2. What is f(-2)?
-232
Let a(x) = -x**2 + 135*x + 1508. Calculate a(-10).
58
Let s(t) = 372*t + 2252. Determine s(-6).
20
Let m(q) = -20*q + 40. Determine m(6).
-80
Let z(u) = -13*u - 584. What is z(-42)?
-38
Let r(i) = i**2 + 61*i + 461. What is r(-53)?
37
Let y(l) = l**2 + 16*l + 42. Give y(-11).
-13
Let s(d) = 6590*d - 26352. Calculate s(4).
8
Let d(v) = -5*v**3 + 7*v**2 + v + 6. What is d(2)?
-4
Let h(u) = 89*u - 68. Calculate h(-1).
-157
Let m(v) = v**3 + 9*v**2 - 76*v - 23. What is m(-14)?
61
Let k(z) = -73*z - 6. Calculate k(1).
-79
Let r(g) = -172*g - 5885. What is r(-34)?
-37
Let q(d) = 2*d**2 - 52*d - 121. Give q(28).
-9
Let m(z) = -z**2 - 2100*z - 33341. What is m(-16)?
3
Let l(f) = 241*f - 1706. Determine l(7).
-19
Let f(y) = -y**2 + 152*y - 2050. Give f(137).
5
Let o(b) = 153*b - 306. Calculate o(3).
153
Let y(f) = f**2 + 25*f + 73. What is y(-22)?
7
Let t(h) = 46*h - 463. Determine t(10).
-3
Let d(f) = 117*f - 7605. Calculate d(65).
0
Let k(s) = 286*s - 855. Determine k(3).
3
Let p(a) = 333*a + 1817. Calculate p(-7).
-514
Let n(y) = y**3 - 22*y**2 + 40*y - 30. What is n(20)?
-30
Let l(g) = -5*g**3 - 118*g**2 + 39*g + 17. Determine l(-24).
233
Let x(h) = 16*h**2 - 46*h - 14. Calculate x(6).
286
Let j(g) = g**3 - 27*g - 107. Determine j(7).
47
Let a(l) = -2*l**3 - 50*l**2 - 159*l - 5481. Determine a(-26).
5
Let l(t) = -121*t - 720. Calculate l(-6).
6
Let g(a) = 27*a + 1426. What is g(-55)?
-59
Let x(n) = -n**2 - 505*n - 7827. Give x(-16).
-3
Let i(d) = d**2 - 85*d - 726. Calculate i(-9).
120
Let v(o) = o**3 + 25*o**2 - 37*o - 1336. Determine v(-22).
930
Let s(a) = 2*a**2 - 13*a + 74. Give s(8).
98
Let s(w) = -7*w - 336. Calculate s(-11).
-259
Let i(d) = 5*d**2 - 43*d - 152. Calculate i(11).
-20
Let s(k) = 3*k**3 - 10*k**2 - 5*k - 53. Calculate s(6).
205
Let k(m) = -167*m + 7331. Determine k(44).
-17
Let p(q) = 19*q**3 - 71*q**2 - 20*q. Give p(4).
0
Let v(k) = -3*k**3 + 73*k**2 - 96*k + 160. Determine v(23).
68
Let j(c) = -267*c - 2376. Determine j(-9).
27
Let k(p) = 2*p**2 + 8*p + 22. Determine k(-3).
16
Let f(o) = 50*o**2 + 544*o - 82. Determine f(-11).
-16
Let p(y) = y**3 + 38*y**2 + 6*y + 169. Determine p(-38).
-59
Let c(i) = 2*i**3 + 7*i**2 + i + 5. What is c(-3)?
11
Let y(w) = 2*w**2 - 55*w + 183. Determine y(27).
156
Let w(z) = 519*z + 6762. What is w(-13)?
15
Let l(z) = 48*z + 66. What is l(-2)?
-30
Let k(x) = x**3 - 42*x**2 - 39*x - 20. What is k(43)?
152
Let s(p) = p**3 + 9*p**2 - 35*p - 253. Determine s(-8).
91
Let f(q) = -111*q - 18312. Calculate f(-165).
3
Let y(w) = 6*w + 171. What is y(-6)?
135
Let u(x) = -41*x - 49. What is u(0)?
-49
Let u(a) = 86*a**2 - 6*a - 5. Calculate u(-1).
87
Let v(x) = x**3 - 3*x**2 - 8*x + 10. What is v(5)?
20
Let q(s) = s**3 + 10*s**2 - 41*s - 346. Determine q(-11).
-16
Let u(c) = -198*c + 1991. What is u(10)?
11
Let r(t) = 1336*t + 5. Determine r(0).
5
Let s(o) = -55*o + 220. What is s(7)?
-165
Let v(s) = -20*s**2 + 9*s + 29. What is v(-3)?
-178
Let o(k) = k**2 + 65*k + 993. What is o(-29)?
-51
Let f(q) = q**3 + 23*q**2 - 427*q - 252. Give f(-35).
-7
Let n(v) = 1432*v - 24343. Calculate n(17).
1
Let y(t) = -406*t + 10554. What is y(26)?
-2
Let k(v) = -50*v - 186. Calculate k(-4).
14
Let i(y) = y**3 - 10*y**2 - 26*y + 216. Calculate i(9).
-99
Let c(o) = o**3 + 59*o**2 + 3*o + 186. Determine c(-59).
9
Let r(c) = -29*c - 1831. Determine r(-63).
-4
Let a(h) = 55*h**2 - 487*h - 3. What is a(9)?
69
Let p(m) = -m**3 - 10*m**2 + 195*m - 80. Determine p(-20).
20
Let s(n) = 3*n**3 - 11*n**2 - 38*n - 12. Determine s(-4).
-228
Let h(g) = 2*g**2 - 45*g - 95. What is h(-2)?
3
Let i(b) = 5*b**2 - 19*b + 77. Give i(5).
107
Let z(u) = -2*u**3 + 5*u**2 + 5*u - 30. Determine z(6).
-252
Let u(t) = -29*t - 77. Give u(-4).
39
Let n(r) = -r**2 - 346*r + 2110. What is n(6)?
-2
Let v(h) = -h**3 - 13*h**2 - 28*h - 3. What is v(-9)?
-75
Let d(l) = 2*l**3 + 33*l**2 + 28*l + 34. Give d(-16).
-158
Let q(v) = -2*v**3 + 34*v**2 - 41*v - 293. What is q(15)?
-8
Let u(o) = 211*o - 10536. Determine u(50).
14
Let v(n) = 5*n**3 + 264*n**2 - 51*n + 114. What is v(-53)?
8
Let m(d) = -d**2 - 10*d + 42. What is m(-19)?
-129
Let s(t) = -t**2 + 170*t + 2178. Calculate s(182).
-6
Let v(z) = z**3 - 271*z**2 - 2808*z + 12. Give v(-10).
-8
Let l(z) = 280*z**3 - 5*z**2 + 8*z - 3. Determine l(1).
280
Let d(b) = -98*b + 11067. What is d(113)?
-7
Let g(x) = -8*x**2 + 172*x + 75. Determine g(21).
159
Let m(x) = x**2 - 616*x - 19358. Calculate m(-30).
22
Let q(c) = -c**3 + 25*c**2 - 4*c + 82. Calculate q(25).
-18
Let h(n) = -n**3 - 17*n**2 + 370*n + 4849. Determine h(-24).
1
Let o(a) = -73*a**2 - 222*a - 13. Determine o(-3).
-4
Let m(z) = 4*z**3 - 40*z**2 - 156*z - 9. Give m(13).
-9
Let l(z) = 186*z**2 - 50779*z + 254. Determine l(273).
-19
Let p(g) = -g**3 - 70*g**2 - 604*g - 1. What is p(-10)?
39
Let o(n) = n**2 + 926*n + 2783. Calculate o(-3).
14
Let z(k) = 6*k**2 - 76*k + 48. What is z(12)?
0
Let a(u) = -u**3 + 9*u**2 + 82*u - 496. Calculate a(14).
-328
Let q(m) = -4*m**2 - 4*m + 7. Determine q(4).
-73
Let v(g) = -g**3 - 167*g**2 - 2668*g + 2064. Calculate v(-149).
-22
Let v(a) = 231*a - 325. Give v(1).
-94
Let b(i) = 2*i**2 - 43*i + 1. What is b(22)?
23
Let t(z) = -3*z**2 - 60*z + 394. Give t(6).
-74
Let w(q) = -44*q**2 + 15*q - 34. Determine w(3).
-385
Let p(s) = 2*s**3 + 352*s**2 - 22*s - 3866. Calculate p(-176).
6
Let q(b) = 3*b**2 + 4*b - 12. Calculate q(-8).
148
Let z(d) = -d**3 + 93*d**2 - 182*d + 14. Calculate z(91).
14
Let l(f) = -f**3 - 16*f**2 - 42*f + 16. Calculate l(-11).
-127
Let q(r) = 10*r**2 + 330*r - 28. Give q(-33).
-28
Let z(m) = -3*m**2 + 6*m + 56. Determine z(-5).
-49
Let n(j) = j**3 - 22*j**2 - 25*j - 30. What is n(23)?
-76
Let s(o) = o**3 - 73*o**2 + 74*o - 71. Determine s(72).
73
Let p(c) = -209*c + 4740. Give p(22).
142
Let r(f) = f**3 - 18*f**2 - 63*f + 27. Calculate r(21).
27
Let h(n) = -4*n**2 - 72*n + 1. Give h(-17).
69
Let s(w) = -w**3 + 130*w**2 + 140*w - 1184. Give s(131).
-5
Let g(w) = w**3 + 97*w**2